t z be (x/(-4))/(7/28). Suppose 211 - z = 2*s. What are the prime factors of s?
89
Suppose 5*u - 2*c + 0 = -83, -2*u + 3*c = 31. Suppose 0 = o - 0*o - 4*d, 0 = 2*o - 4*d. Let f = o - u. What are the prime factors of f?
17
Suppose 17*l - 3680 = l. Let c = l + -102. List the prime factors of c.
2
Suppose -2*m = -3*m - 2*i + 7, -m = i - 11. Let s(p) = p**3 - 5*p**2 - 6*p + 5. Let h be s(6). List the prime factors of ((-870)/(-4))/h*20/m.
2, 29
Let v(z) = -z**2 - 15*z + 2. Suppose 4*o = -2*q + 32, 5*q + 10 - 2 = o. Let w be (1 - o)*18/21. What are the prime factors of v(w)?
2, 7
Let w = -46913 + 77273. What are the prime factors of w?
2, 3, 5, 11, 23
Let c(h) = 6 + 7*h**2 - 4*h**2 - 5*h**2 - 3 + 12*h. Let s be c(10). List the prime factors of 2/((-6)/s) - (-12)/(-18).
5
Suppose -5*m + 4 + 11 = 0. Let d(y) = 4*y + 8 + 11 - 5 - 2*y. What are the prime factors of d(m)?
2, 5
What are the prime factors of (61 + -53)/(2/9708)?
2, 3, 809
Let s(n) = -3*n**2 - 12*n + 29. Let r(f) = -f**2 + 1. Let m(q) = 2*r(q) - s(q). What are the prime factors of m(-25)?
2, 149
Let i = 28555 - -12864. What are the prime factors of i?
7, 61, 97
Let i(o) = -48*o + 1253. What are the prime factors of i(-19)?
5, 433
Let y(j) = -16*j**2 + 29*j + 8. Let w(x) = 5*x**2 - 10*x - 3. Let b(p) = -17*w(p) - 6*y(p). Let a(k) = -3*k + 15. Let i be a(4). List the prime factors of b(i).
2, 3, 5
Suppose -3*i = 4*l - 12081, -2*i - 4*l = 2*i - 16116. List the prime factors of i.
3, 5, 269
Suppose -j = -2*b - 685, 2*j + 5*b - 1992 = -622. Let z = -318 + j. List the prime factors of z.
367
Let j = 137174 + -66262. List the prime factors of j.
2, 277
Let b be (1 - -2107) + 6 + -12 + 11. Suppose 4*x = 4*l + l + b, -2632 = -5*x - 3*l. What are the prime factors of x?
17, 31
Suppose 2*f - f + 448 = 5421. List the prime factors of f.
4973
Let q(i) = 87*i**2 + 41*i + 20. What are the prime factors of q(-2)?
2, 11, 13
Let c(o) = -33*o**3 - 130*o**2 + 161*o + 10. What are the prime factors of c(-10)?
2, 5, 23
Suppose 6*k - 45 = 2*k - 3*a, 3*a = 9. Suppose -k*p + 12*p - 1323 = 0. List the prime factors of p.
3, 7
Suppose -75*g + 132*g - 16455978 = -174*g. What are the prime factors of g?
2, 3, 31, 383
Let s = -5849 + 10718. What are the prime factors of s?
3, 541
Let r(o) = -o**3 - 23*o**2 + 48*o + 27. List the prime factors of r(-33).
3, 17, 61
Let h(f) = 2*f + 24. Let x(i) = -i**3 + 12*i**2 + 10. Let q be x(12). Let s be h(q). Suppose 5*r + s = 6*r. What are the prime factors of r?
2, 11
Suppose -25*u - 75755 = -314219 - 177211. List the prime factors of u.
13, 1279
Let c = 112 - 104. Suppose -7*w + 6 = -c*w. What are the prime factors of 324/6*(16/w)/(-2)?
2, 3
Let h(u) = -u**3 - 25*u**2 - 23*u + 96. What are the prime factors of h(-30)?
2, 3, 881
Let i(z) = z**2 - z. Let d be i(0). Suppose 3*u + 143 = -2*n, 0 = -d*u + u + 2*n + 45. Let w = u + 63. List the prime factors of w.
2, 7
Let r(f) = -568*f - 5 + 276*f + 196*f. Suppose -y = y + 4. List the prime factors of r(y).
11, 17
Suppose 4*l + 229 = 269. Suppose 2*s - l = -26. Let t(h) = h**2 + 4*h + 12. What are the prime factors of t(s)?
2, 11
Let r(m) = -5*m. Let t be r(-1). Suppose 0 = y - t - 7. List the prime factors of ((-860)/(-12))/(4/y).
5, 43
Suppose 2*r + w = -w + 9360, 4*r = 2*w + 18672. List the prime factors of r.
2, 73
Let j(s) = 15*s**3 + s**2 - 21*s - 4. Let i be j(10). Suppose 2144 = -23*o + i. List the prime factors of o.
2, 277
Suppose -2*z = 15*z. Suppose -4*x + 3*x + 768 = z. What are the prime factors of x?
2, 3
Let m(a) = 672*a**2 - 2*a + 37. What are the prime factors of m(5)?
3, 71, 79
Let y be (0 - 2)*(2/2 - 3). Suppose -i - 5*l - 25 = 0, y*i + i + 3*l = -15. List the prime factors of ((-10 - i)*5)/((-62)/93).
3, 5
Let t be 76*-1*(-15)/20. Suppose -52*d - 1010 = -t*d. What are the prime factors of d?
2, 101
Let y be ((-86)/(-1))/(13 - 11). Suppose 4*a - 3*u = y, -3 = a + 5*u - 8. Let t = a + 51. What are the prime factors of t?
61
Suppose -7 = x - 5. Let l be x/(-8) + 60/16. Suppose -4*d + 237 = 3*v - d, 158 = 2*v + l*d. What are the prime factors of v?
79
Let i(d) = 6*d + 1. Let p(m) = -m**3 + 12*m**2 + 15*m - 18. Let q be p(13). Let o be i(q). Let l = -3 + o. List the prime factors of l.
2, 23
Let f(l) = -382*l**3 + l**2 - 10*l - 2. Let x(r) = -380*r**3 + r**2 - 11*r - 3. Let a(w) = -7*f(w) + 6*x(w). What are the prime factors of a(1)?
3, 131
Let g(w) = -5*w - 61. Let y be g(-14). Suppose y*v = 8*v + 2*r + 185, 4*v - 675 = -5*r. List the prime factors of v.
5, 7
Suppose 3*k = 3*s - 24, 0 = -s + 4*k + 8 + 15. Let o(q) = s*q**2 - 11*q - 16*q - 42 + 12*q - 22. List the prime factors of o(-8).
2, 31
Suppose 24615 = 4*o - 5*u, 8*u - 5*u = -4*o + 24623. List the prime factors of o.
5, 1231
What are the prime factors of (-16*1219/(-276))/(((-16)/(-510))/4)?
2, 5, 17, 53
Let g(t) = 3*t + 87. Let n be g(-27). Suppose 3*x = 9, -h - 3*x + 387 = -n*x. What are the prime factors of h?
2, 3, 11
Let l(w) be the third derivative of w**8/6720 + w**7/5040 - w**5/15 + 11*w**2. Let a(o) be the third derivative of l(o). What are the prime factors of a(4)?
2, 13
Suppose -o + 1849 - 133 = 0. Suppose 22*n - 10*n - o = 0. List the prime factors of n.
11, 13
Suppose 173*f = 163*f - 580. Suppose -4*m + 856 = 204. Let l = m + f. What are the prime factors of l?
3, 5, 7
Let u be ((-14)/(-4))/(146/(-24) - -6). Let d = u + 61. Suppose -35 = -2*q + d. What are the prime factors of q?
3
What are the prime factors of 243*(4 - -28) + (-60)/10?
2, 3, 5, 7, 37
Suppose 3*g = 2*f - 2*g - 9, 5*f + 2*g = 37. Suppose -7 = -f*m + 7. Suppose 5 = 5*j, 5*j + 20 = m*x - x. What are the prime factors of x?
5
Let i(s) = -s**3 + 15*s**2 + 18*s + 15. Let u be i(16). Let t = u + -40. Let f(x) = 4*x**2 - 12*x + 1. What are the prime factors of f(t)?
113
Let g(p) = -2*p**3 + 13*p**2 + 0*p**2 + 2 - 8*p**2 + p - 3*p**2. Let m = -2 + -2. List the prime factors of g(m).
2, 79
Suppose 3*r - l = 4*l + 19, -4*l + 4 = 0. Suppose -21 = -q + 5*b, r*q - 5*q + 3*b = -9. What are the prime factors of (-1 + q/(-2))*-74?
3, 37
Let h(a) = -a**3 + 10*a**2 + 15*a - 6. Let j be (-1)/4 + 820/80. Let b be h(j). Let c = b + -63. What are the prime factors of c?
3
Let w = 135 + -126. Suppose -2*q + 3*l = -925, -w*l = q - 8*l - 455. List the prime factors of q.
2, 229
Let g(w) = -w**3 - 14*w**2 + 2*w - 134. What are the prime factors of g(-16)?
2, 173
Let n(r) = 98*r**3 - 2*r + 2. Let m(v) = -11*v**2 - 2*v - 2. Let x be m(-1). Let k = 12 + x. What are the prime factors of n(k)?
2, 7
Suppose 3*u = -2*q + 6*q + 944, 3*q = -3*u + 951. Suppose 5*i - 2484 = -3*f + u, 4*f + 20 = 0. What are the prime factors of i?
563
Let o(k) = -k**3 + 2*k**2 - 7*k + 6. Let a be o(-6). Let z be (557/4)/((-1)/(-36) + 330/1485). Let d = z - a. List the prime factors of d.
13, 17
Let l = 106 + 130. Let o = 753 - l. List the prime factors of o.
11, 47
List the prime factors of 30132/1 + (-75 - -56).
30113
List the prime factors of (1 + (515/35 - -4))/((-2)/(-7)).
3, 23
Suppose -367 - 569 = -4*z. Let l = 750 + z. What are the prime factors of l?
2, 3, 41
Let g(r) = 144*r**2 - 16*r + 88. What are the prime factors of g(5)?
2, 11, 41
Suppose -2*v = 151 - 2119. Let q = v + -231. What are the prime factors of q?
3, 251
Let h be (0/5 - 0) + 5. Suppose -4*l + 2*j + 4812 = 0, -10*l + 6*l + 4818 = -h*j. What are the prime factors of l?
2, 601
Suppose -y - 2646 + 28258 = 4*l, -5*l + 32006 = -y. Suppose -12*u + l + 3798 = 0. List the prime factors of u.
2, 5, 17
Suppose -4*v - 101736 = -5*b, 4*b - 29247 - 52133 = v. List the prime factors of b.
2, 2543
Suppose 7*f = -13*f + 7120. List the prime factors of f + (-4 - (-5 + 6)).
3, 13
Let a = -317 + 162. What are the prime factors of (-2293)/(-5) + (-62)/a?
3, 17
Suppose -4*i + 14*p - 10*p + 138904 = 0, -4*p + 28 = 0. List the prime factors of i.
47, 739
Let j = -48 + 38. What are the prime factors of 626/j*60/(-12)?
313
Let t(k) = 6731*k**2 - 103*k + 102. List the prime factors of t(1).
2, 5, 673
Let s(n) = -n**2 + n + 29. Let z be s(6). What are the prime factors of z/(-3) - (-15)/((-360)/(-12712))?
2, 5, 53
Suppose 7*y + 15 = -6. Let l(z) = -68*z**3 - 5*z**2 - 4*z + 1. List the prime factors of l(y).
2, 11, 41
Suppose -14*t + 639197 + 98701 = 0. List the prime factors of t.
3, 17